7 composite?
True
Is 2899881041 a prime number?
True
Is 138950787077 a prime number?
False
Is 185200022081 a composite number?
False
Is 2656105909 a prime number?
True
Is 1060057847 prime?
False
Is 917791807 a composite number?
False
Is 52448999063 composite?
True
Is 1243607878 composite?
True
Is 23038049711 a prime number?
True
Is 3817977061 composite?
False
Is 37948520189 composite?
True
Is 78045134533 prime?
True
Is 616418389 prime?
True
Is 4273215521 a composite number?
True
Is 981741701 a prime number?
True
Is 2809975141 a prime number?
True
Is 19881940649 composite?
True
Is 45300325415 a composite number?
True
Is 3021285583 a composite number?
False
Is 37140206821 a prime number?
True
Is 338643323 a prime number?
False
Is 24459387107 a composite number?
True
Is 24741091 a composite number?
True
Is 3019801297 prime?
False
Is 15738007771 composite?
True
Is 8571249677 a prime number?
True
Is 1506635453 a prime number?
True
Is 323230463 a composite number?
True
Is 9698349767 composite?
False
Is 824131241 a prime number?
True
Is 614323861 prime?
True
Is 2138678237 prime?
False
Is 36079057273 prime?
False
Is 147969307 a composite number?
False
Is 327836463089 composite?
False
Is 70741309879 composite?
True
Is 52661812663 prime?
False
Is 803229541 prime?
False
Is 178029641 a composite number?
True
Is 85943999 a composite number?
True
Is 42737803595 a prime number?
False
Is 696172129 a prime number?
True
Is 15187726189 a composite number?
False
Is 95948267 a composite number?
False
Is 924524033 prime?
True
Is 33296521201 composite?
True
Is 118465393 composite?
False
Is 228295139 composite?
False
Is 38787874 a prime number?
False
Is 650053127 a composite number?
True
Is 30328657 prime?
True
Is 45457787 a prime number?
True
Is 1682076299 composite?
True
Is 5241845459 a prime number?
False
Is 8993364901 a composite number?
True
Is 23202894243 composite?
True
Is 2492021093 composite?
True
Is 648404741 a prime number?
True
Is 1103499287 composite?
True
Is 266873143 prime?
False
Is 7149035909 a prime number?
False
Is 78476772263 a prime number?
True
Is 212071731601 composite?
True
Is 144291781 a composite number?
False
Is 814493935 composite?
True
Is 4495444399 a prime number?
True
Is 1226067229 a prime number?
True
Is 1257165887 composite?
True
Is 2141015381 a prime number?
True
Is 12420664357 prime?
True
Is 16748004451 a composite number?
False
Is 2216693173 a composite number?
False
Is 8402105497 a composite number?
True
Is 2705787589 composite?
False
Is 1311097427 prime?
True
Is 648796723 a prime number?
False
Is 9855979519 a prime number?
True
Is 467430991 composite?
False
Is 888733889 prime?
True
Is 1215673834 a prime number?
False
Is 22293698851 a composite number?
False
Is 43721579 composite?
True
Is 3475732763 prime?
True
Is 6985048673 a prime number?
True
Is 1048170691 prime?
False
Is 3967414277 composite?
False
Is 5697163399 a prime number?
False
Is 45073746527 prime?
False
Is 3535487243 composite?
False
Is 1358228767 a composite number?
True
Is 441893317 a composite number?
True
Is 17997156227 prime?
False
Is 145623597517 a composite number?
True
Is 883095193 composite?
False
Is 10699128727 prime?
False
Is 541673833 a composite number?
True
Is 1415929597 composite?
True
Is 707912399 a composite number?
True
Is 1511265695 a composite number?
True
Is 3825457177 a prime number?
False
Is 573527737 prime?
True
Is 483769039397 prime?
False
Is 7207274827 a prime number?
True
Is 41361167 a prime number?
True
Is 1200912511 composite?
True
Is 697998727 a composite number?
True
Is 21627604805 composite?
True
Is 4815567217 a composite number?
True
Is 6021085597 composite?
False
Is 1107490409 prime?
True
Is 696493571 a composite number?
False
Is 230422582561 composite?
False
Is 227175101 composite?
False
Is 411279811 composite?
False
Is 19899302653 a composite number?
True
Is 13975634123 prime?
False
Is 208413301 prime?
True
Is 181380158 a prime number?
False
Is 517367803 a composite number?
False
Is 91062469721 composite?
True
Is 894333421 composite?
True
Is 717875261 prime?
True
Is 29568693977 composite?
False
Is 8404687453 composite?
True
Is 2393380789 prime?
True
Is 2682862093 a prime number?
True
Is 2036855573 a composite number?
True
Is 15576523687 a composite number?
True
Is 2435037233 prime?
False
Is 12265568657 composite?
False
Is 28412138101 a composite number?
True
Is 5596790351 a composite number?
False
Is 108877888789 prime?
True
Is 28116477883 prime?
False
Is 3429040229 prime?
True
Is 15029627869 composite?
True
Is 32088868235 prime?
False
Is 38058035933 a prime number?
False
Is 6521238473 a composite number?
True
Is 10506765019 prime?
True
Is 43906375907 prime?
True
Is 77728513 prime?
True
Is 3094936643 prime?
False
Is 2521623113 a composite number?
True
Is 7581523357 prime?
True
Is 3844819985 a prime number?
False
Is 611325601 a composite number?
True
Is 6060956633 a composite number?
True
Is 1050086911 a composite number?
False
Is 227638303 a prime number?
True
Is 24017025503 prime?
True
Is 1942620863 composite?
False
Is 4128138299 a composite number?
False
Is 10701456749 prime?
True
Is 2511568993 a composite number?
False
Is 319802947 a prime number?
False
Is 89144817523 a composite number?
True
Is 60664860947 prime?
True
Is 21298013549 composite?
True
Is 2389969003 prime?
True
Is 479569121 a composite number?
False
Is 76752774001 composite?
False
Is 697796074721 prime?
True
Is 50757014351 prime?
True
Is 3362707273 a composite number?
True
Is 1213998613 prime?
True
Is 13430377801 prime?
False
Is 1416009017 a prime number?
True
Is 563832589 a composite number?
False
Is 297712154 a prime number?
False
Is 3900746693 composite?
False
Is 664561823 a composite number?
False
Is 19022394551 composite?
True
Is 198171918667 a composite number?
False
Is 709631301 composite?
True
Is 7841134361 composite?
False
Is 34574910893 composite?
True
Is 7441806529 a composite number?
True
Is 1324349849 a composite number?
True
Is 163935011641 a composite number?
True
Is 342967981 a prime number?
True
Is 81463336829 composite?
True
Is 1130775769 composite?
True
Is 83849187713 a prime number?
False
Is 152208201083 a prime number?
True
Is 336796879 a prime number?
True
Is 422362903 a composite number?
True
Is 18364628719 composite?
True
Is 122065499 a composite number?
False
Is 180861269 prime?
False
Is 33448845611 a prime number?
False
Is 5350463969 prime?
True
Is 1378882129 prime?
True
Is 115144303471 a prime number?
True
Is 8906654479 a composite number?
False
Is 229391186 a composite number?
True
Is 1334394449 composite?
True
Is 10665259609 prime?
True
Is 29740921381 a prime number?
False
Is 26108331065 a composite number?
True
Is 3171919627 prime?
False
Is 4476562877 prime?
True
Is 5333323199 a prime number?
False
Is 1364900761 composite?
True
Is 2086276259 a composite number?
True
Is 9500682041 composite?
False
Is 49964783 a composite number?
True
Is 6665249827 composite?
True
Is 25947306251 prime?
True
Is 16392572971 a composite number?
False
Is 546047231 prime?
True
Is 19551338035 composite?
True
Is 1107336871 a prime number?
False
Is 3102762811 composite?
False
Is 85785181 composite?
True
Is 158936243131 a composite number?
True
Is 79763861 composite?
True
Is 41785154473 a prime number?
False
Is 7180705129 composite?
True
Is 34836503117 prime?
False
Is 706092619 prime?
True
Is 17595327797 a composite number?
False
Is 5523418567 prime?
True
Is 144912333669 composite?
True
Is 1643930417 a composite number?
False
Is 153594017 a prime number?
False
Is 13554724831 composite?
True
Is 837139739 a prime number?
True
Is 29482964509 a composite number?
True
Is 84820319 a composite number?
False
Is 2272310669 a composite number?
False
Is 7453843303 composite?
True
Is 13637779783 prime?
False
Is 171107889 prime?
False
Is 763890233 a composite number?
False
Is 2140103239 a composite number?
True
Is 13557313241 composite?
False
Is 224741389 prime?
False
Is 99148748009 composite?
False
Is 522822961 prime?
True
Is 1600296881 a composite number?
False
Is 2350399627 a prime number?
False
Is 2840958733 prime?
False
Is 1008809069 prime?
True
Is 8445251 a composite number?
False
Is 44380777991 composite?
True
Is 7815611803 a prime number?
True
Is 6513680479 a compos